ommon factor of 25336 and 8?
8
What is the highest common divisor of 2961 and 99?
9
Calculate the greatest common divisor of 9900 and 800580.
660
Calculate the greatest common factor of 222060 and 36.
12
What is the greatest common divisor of 25 and 8285?
5
Calculate the highest common divisor of 162 and 3611142.
162
What is the highest common divisor of 66 and 215655?
33
What is the greatest common divisor of 783 and 1233?
9
What is the highest common divisor of 40500 and 8?
4
Calculate the highest common factor of 189828 and 180.
36
What is the greatest common factor of 32 and 1719216?
16
Calculate the greatest common divisor of 53 and 94552.
53
What is the greatest common factor of 448 and 35?
7
Calculate the highest common divisor of 4790 and 430.
10
Calculate the greatest common factor of 9659 and 177577.
743
What is the highest common divisor of 276 and 1368?
12
What is the highest common divisor of 132 and 60364?
4
Calculate the greatest common divisor of 628 and 296.
4
What is the highest common factor of 231327 and 9?
9
What is the highest common factor of 6 and 965018?
2
Calculate the greatest common factor of 348 and 225852.
348
What is the highest common factor of 143760 and 980?
20
Calculate the highest common divisor of 963980 and 140.
20
What is the highest common divisor of 38173 and 1298?
59
Calculate the greatest common factor of 5339849 and 137.
137
What is the highest common divisor of 1903 and 682?
11
What is the greatest common factor of 30 and 3528?
6
Calculate the greatest common divisor of 575 and 151475.
25
Calculate the highest common divisor of 4594255 and 73.
73
Calculate the greatest common divisor of 1416208 and 8.
8
Calculate the greatest common divisor of 887408 and 74.
74
Calculate the highest common factor of 2079 and 1302.
21
Calculate the highest common factor of 321436 and 116.
116
What is the greatest common factor of 1135407 and 63?
21
What is the greatest common divisor of 52819 and 442?
221
Calculate the highest common divisor of 1635845 and 530.
265
What is the greatest common factor of 6308 and 3420?
76
Calculate the highest common divisor of 5405 and 3981323.
1081
Calculate the highest common divisor of 4577 and 24875.
199
What is the greatest common factor of 228177 and 7047?
243
Calculate the greatest common factor of 1130 and 82038.
226
Calculate the greatest common divisor of 62 and 4594.
2
What is the highest common divisor of 1193312 and 3771?
419
What is the highest common factor of 81468 and 16425?
657
What is the greatest common factor of 106 and 223183?
53
Calculate the greatest common divisor of 2450 and 753550.
350
Calculate the greatest common factor of 1300 and 8300.
100
Calculate the greatest common factor of 106686 and 36.
18
Calculate the highest common divisor of 191400 and 792.
264
What is the greatest common factor of 5270 and 44485?
155
Calculate the greatest common divisor of 150 and 311475.
75
What is the highest common divisor of 11098 and 279?
31
Calculate the highest common divisor of 1350 and 10476.
54
What is the highest common factor of 79289 and 8194?
241
What is the highest common divisor of 20106 and 28206?
18
What is the highest common factor of 24 and 20568?
24
What is the highest common divisor of 586894 and 322?
14
Calculate the highest common factor of 1799 and 25443.
257
What is the highest common divisor of 71989 and 1544?
193
What is the greatest common divisor of 4136 and 3520?
88
What is the highest common factor of 5907 and 28941?
33
What is the greatest common divisor of 61138 and 308?
154
Calculate the highest common factor of 182520 and 260.
260
Calculate the greatest common factor of 170 and 65705.
85
Calculate the highest common divisor of 213 and 4497.
3
Calculate the greatest common factor of 3878 and 152904.
554
Calculate the highest common factor of 48 and 1078452.
12
Calculate the greatest common factor of 1127 and 35.
7
What is the highest common factor of 88391 and 24963?
157
Calculate the highest common divisor of 664900 and 100.
100
Calculate the greatest common factor of 90 and 23530.
10
What is the highest common divisor of 24 and 19416?
24
Calculate the greatest common divisor of 38500 and 748.
44
Calculate the greatest common factor of 678 and 177297.
339
Calculate the greatest common divisor of 160 and 38440.
40
Calculate the highest common factor of 42 and 75222.
42
What is the greatest common factor of 2051 and 671849?
293
What is the greatest common divisor of 38240 and 240?
80
What is the greatest common factor of 61 and 19093?
61
Calculate the greatest common factor of 102350 and 150.
50
Calculate the greatest common factor of 1656 and 323656.
184
Calculate the greatest common divisor of 108 and 1724.
4
What is the greatest common divisor of 41818 and 31930?
206
What is the highest common divisor of 902223 and 189?
63
Calculate the highest common factor of 160 and 332768.
32
What is the highest common divisor of 166839 and 57?
57
Calculate the greatest common divisor of 168 and 42189.
21
What is the highest common divisor of 462 and 16203?
33
Calculate the highest common divisor of 795 and 18196755.
795
What is the greatest common factor of 80782 and 11711?
239
What is the highest common factor of 18792 and 10904?
232
Calculate the greatest common divisor of 8066 and 4625.
37
Calculate the greatest common factor of 170 and 516205.
85
What is the greatest common factor of 318 and 2176286?
106
What is the highest common divisor of 540 and 1060?
20
What is the highest common factor of 5 and 79295?
5
Calculate the highest common factor of 8616 and 149703.
1077
What is the greatest common divisor of 387 and 387?
387
What is the highest common factor of 52235 and 1085?
155
Calculate the highest common factor of 8430 and 180.
30
What is the highest common factor of 19095 and 15390?
285
Calculate the highest common factor of 1925 and 135.
5
What is the greatest common divisor of 38 and 1851075?
19
What is the greatest common factor of 513 and 296514?
513
Calculate the highest common factor of 1180 and 88205.
295
What is the highest common divisor of 244154 and 13158?
1462
Calculate the greatest common factor of 6700 and 231552.
268
Calculate the highest common divisor of 250 and 1775100.
50
What is the greatest common factor of 19734 and 115?
23
What is the highest common factor of 871875 and 558?
279
Calculate the highest common divisor of 1162 and 89110.
14
What is the greatest common divisor of 158 and 15436837?
79
What is the greatest common factor of 72 and 3112?
8
What is the highest common divisor of 192450 and 300?
150
Calculate the greatest common factor of 9472 and 320.
64
What is the highest common divisor of 902 and 782485?
451
Calculate the highest common divisor of 165 and 1210.
55
Calculate the greatest common factor of 567 and 58185.
27
Calculate the highest common divisor of 10 and 1191145.
5
Calculate the greatest common factor of 943646 and 77.
11
Calculate the greatest common divisor of 195 and 1255735.
65
Calculate the greatest common divisor of 9876087 and 83.
83
What is the greatest common factor of 1498 and 59706?
214
What is the greatest common divisor of 183 and 34953?
183
Calculate the highest common divisor of 393471 and 1026.
513
Calculate the greatest common factor of 2135 and 2107855.
305
What is the greatest common divisor of 4240 and 3832?
8
Calculate the greatest common factor of 104080 and 8.
8
Calculate the greatest common divisor of 420 and 14544.
12
What is the greatest common factor of 133920 and 135?
135
What is the greatest common factor of 846 and 72?
18
What is the highest common divisor of 20720 and 17390?
370
What is the greatest common factor of 139454 and 882?
98
Calculate the greatest common divisor of 159666 and 414.
138
What is the highest common divisor of 214 and 214?
214
Calculate the greatest common divisor of 12300 and 41082.
246
Calculate the highest common divisor of 1611280 and 2640.
880
What is the greatest common factor of 14300 and 5?
5
Calculate the highest common factor of 645 and 20898.
129
Calculate the highest common divisor of 11804 and 143.
13
What is the greatest common divisor of 249101 and 34?
17
Calculate the greatest common divisor of 22 and 21.
1
Calculate the hig